962307 is divided by 7.
3
Calculate the remainder when 1090213 is divided by 83857.
72
What is the remainder when 214864 is divided by 42960?
64
Calculate the remainder when 334110 is divided by 34.
26
What is the remainder when 132227244 is divided by 924666?
6
What is the remainder when 510146029 is divided by 22?
19
Calculate the remainder when 898067684 is divided by 13858.
13852
Calculate the remainder when 41852943 is divided by 4088.
4087
Calculate the remainder when 6783580 is divided by 445.
0
Calculate the remainder when 8850111 is divided by 20.
11
Calculate the remainder when 13203 is divided by 1256.
643
What is the remainder when 2425643 is divided by 43?
13
Calculate the remainder when 869599 is divided by 1166.
929
Calculate the remainder when 42091633 is divided by 187.
177
Calculate the remainder when 8645097 is divided by 113751.
21
Calculate the remainder when 6816027 is divided by 378668.
3
What is the remainder when 4570027 is divided by 1523294?
145
What is the remainder when 2362058 is divided by 84359?
6
What is the remainder when 109640 is divided by 109504?
136
Calculate the remainder when 176789 is divided by 1379.
277
Calculate the remainder when 38389213 is divided by 400.
13
Calculate the remainder when 656042 is divided by 655878.
164
Calculate the remainder when 775957168 is divided by 611.
610
What is the remainder when 10761372 is divided by 194?
192
Calculate the remainder when 28147125 is divided by 42.
27
Calculate the remainder when 1370779 is divided by 316.
287
Calculate the remainder when 11193288 is divided by 11.
7
What is the remainder when 36236 is divided by 1144?
772
Calculate the remainder when 243069056 is divided by 170.
166
What is the remainder when 586822 is divided by 1630?
22
Calculate the remainder when 211514 is divided by 41841.
2309
Calculate the remainder when 244105 is divided by 465.
445
Calculate the remainder when 135234 is divided by 3652.
110
What is the remainder when 1377544 is divided by 288?
40
Calculate the remainder when 71844 is divided by 14328.
204
What is the remainder when 9348434 is divided by 4674046?
342
What is the remainder when 3807330 is divided by 720?
690
Calculate the remainder when 276279 is divided by 92092.
3
What is the remainder when 111093 is divided by 27764?
37
Calculate the remainder when 430530 is divided by 1834.
1374
Calculate the remainder when 8877225 is divided by 395.
390
What is the remainder when 87717391 is divided by 25?
16
Calculate the remainder when 173613 is divided by 86793.
27
Calculate the remainder when 213279245 is divided by 1498.
1495
What is the remainder when 3659982 is divided by 375?
357
What is the remainder when 386683 is divided by 7725?
433
Calculate the remainder when 13604884 is divided by 220.
84
Calculate the remainder when 26658304 is divided by 4.
0
What is the remainder when 161000 is divided by 1751?
1659
What is the remainder when 20326391 is divided by 2591?
2587
Calculate the remainder when 5745305 is divided by 143632.
25
What is the remainder when 371019 is divided by 857?
795
Calculate the remainder when 640297 is divided by 128058.
7
Calculate the remainder when 13034280 is divided by 803.
787
Calculate the remainder when 227009 is divided by 2732.
253
What is the remainder when 1342161 is divided by 22?
7
Calculate the remainder when 689374 is divided by 1863.
64
Calculate the remainder when 775511 is divided by 5500.
11
What is the remainder when 31087 is divided by 96?
79
What is the remainder when 99781 is divided by 22882?
8253
What is the remainder when 1784048 is divided by 12219?
74
Calculate the remainder when 2567418 is divided by 427833.
420
What is the remainder when 52379 is divided by 8264?
2795
Calculate the remainder when 6278053 is divided by 4924.
4877
What is the remainder when 13741209 is divided by 122?
105
Calculate the remainder when 128867176 is divided by 2554.
2552
What is the remainder when 91388 is divided by 114?
74
Calculate the remainder when 1100126 is divided by 40744.
38
Calculate the remainder when 432943 is divided by 758.
125
What is the remainder when 1220231 is divided by 50?
31
Calculate the remainder when 498791 is divided by 771.
725
What is the remainder when 8431880 is divided by 2?
0
What is the remainder when 293744 is divided by 384?
368
Calculate the remainder when 235030 is divided by 234952.
78
What is the remainder when 3767304 is divided by 179395?
9
Calculate the remainder when 22723800 is divided by 7574595.
15
What is the remainder when 165864 is divided by 55246?
126
What is the remainder when 6584439 is divided by 86?
21
Calculate the remainder when 90165 is divided by 8104.
1021
Calculate the remainder when 2575180 is divided by 1190.
20
Calculate the remainder when 51314 is divided by 49877.
1437
Calculate the remainder when 1394578677 is divided by 435.
432
What is the remainder when 9846713 is divided by 14?
9
Calculate the remainder when 30658 is divided by 292.
290
What is the remainder when 3286899 is divided by 793?
707
What is the remainder when 1238758 is divided by 13918?
56
Calculate the remainder when 717793228 is divided by 2993.
2989
What is the remainder when 5119956 is divided by 413?
408
Calculate the remainder when 3662525 is divided by 1429.
1427
What is the remainder when 84234 is divided by 4581?
1776
Calculate the remainder when 60708 is divided by 109.
104
Calculate the remainder when 116390 is divided by 9.
2
Calculate the remainder when 55043 is divided by 1746.
917
Calculate the remainder when 13721239 is divided by 201782.
63
Calculate the remainder when 822292 is divided by 822130.
162
Calculate the remainder when 133668092 is divided by 32.
28
Calculate the remainder when 14061 is divided by 4545.
426
What is the remainder when 51230 is divided by 153?
128
What is the remainder when 184490 is divided by 18392?
570
What is the remainder when 116768 is divided by 1325?
168
What is the remainder when 30570906 is divided by 6114161?
101
What is the remainder when 129508 is divided by 43048?
364
Calculate the remainder when 6112677 is divided by 273.
207
Calculate the remainder when 6401731 is divided by 2297.
2289
Calculate the remainder when 258272 is divided by 468.
404
Calculate the remainder when 5722894 is divided by 30.
4
Calculate the remainder when 99045 is divided by 2108.
2077
What is the remainder when 1660184 is divided by 18863?
240
Calculate the remainder when 1326454 is divided by 1348.
22
Calculate the remainder when 19391407 is divided by 1072.
1071
What is the remainder when 896169 is divided by 1042?
49
Calculate the remainder when 5374318 is divided by 445.
53
Calculate the remainder when 4193962 is divided by 69899.
22
What is the remainder when 13374750 is divided by 12?
6
Calculate the remainder when 203372 is divided by 101462.
448
What is the remainder when 21477270 is divided by 3900?
3870
Calculate the remainder when 1625148 is divided by 180572.
0
What is the remainder when 83005 is divided by 190?
165
Calculate the remainder when 42147 is divided by 9339.
4791
What is the remainder when 259116 is divided by 86368?
12
Calculate the remainder when 454861 is divided by 940.
841
What is the remainder when 164242 is divided by 164211?
31
Calculate the remainder when 1686134 is divided by 257.
214
Calculate the remainder when 400651 is divided by 2927.
2579
What is the remainder when 1127384 is divided by 33152?
216
What is the remainder when 2018621 is divided by 61?
9
Calculate the remainder when 5755295 is divided by 719383.
231
What is the remainder when 1626995742 is divided by 44?
42
Calculate the remainder when 5541805 is divided by 120474.
1
What is the remainder when 54278968 is divided by 14920?
8
Calculate the remainder when 1823675 is divided by 1667.
1644
Calculate the remainder when 9890 is divided by 8615.
1275
Calculate the remainder when 163625 is divided by 8551.
1156
What is the remainder when 36844 is divided by 1601?
21
Calculate the remainder when 69101 is divided by 11402.
689
What is the remainder when 279440 is divided by 781?
623
Calculate the remainder when 6001306 is divided by 72.
34
What is the remainder when 1127194 is divided by 11?
2
Calculate the remainder when 